{"id":11613,"date":"2017-02-16T12:44:42","date_gmt":"2017-02-16T11:44:42","guid":{"rendered":"https:\/\/www.gymnasium-rhauderfehn.de\/?page_id=11613"},"modified":"2022-04-18T19:12:51","modified_gmt":"2022-04-18T17:12:51","slug":"freiwilliges-soziales-jahr-fsj","status":"publish","type":"page","link":"https:\/\/www.gymnasium-rhauderfehn.de\/?page_id=11613","title":{"rendered":"Freiwilliges Soziales Jahr im Bereich Sport (FSJ-Sport)"},"content":{"rendered":"<p style=\"text-align: justify;\"><u><\/u>Falls ihr nach der Schule noch etwas ausprobieren und nicht gleich studieren gehen oder eine Ausbildung machen wollt, dann ist f\u00fcr Sportinteressierte das Freiwillige Soziale Jahr (FSJ) im Sport genau richtig.<\/p>\n<p style=\"text-align: justify;\">Bei einem FSJ im Sport seid ihr an einer Einsatzstelle t\u00e4tig, welche immer unterschiedlich ausfallen kann. Als Einsatzstellen gelten z.B. Schulen, Sportvereine oder Sportfachverb\u00e4nde. Wenn ihr Interesse habt, ein FSJ im Sport zu machen, dann m\u00fcsst ihr euch bei einem Tr\u00e4ger registrieren und euch dann f\u00fcr die jeweilige Einsatzstelle bewerben. Dabei m\u00fcsst ihr beachten, dass ihr eine Bewerbung, einen Lebenslauf, ein Motivationsschreiben und ein Foto abschickt. Die Bewerbungsfrist f\u00e4llt immer unterschiedlich aus, aber meistens ist diese bis Ende Mai.<\/p>\n<p style=\"text-align: justify;\">Um ein FSJ im Sport zu t\u00e4tigen, sind gewisse Rahmenbedingen erforderlich. Zum einen m\u00fcsst ihr zwischen 16 und 27 Jahre alt sein und zum anderen d\u00fcrft ihr vorher keinen anderen Freiwilligendienst geleistet haben.<\/p>\n<p style=\"text-align: justify;\">Wenn ihr nun einen Vertrag unterzeichnet habt, kommen gewisse Pflichten auf euch zu. Dazu geh\u00f6rt, dass ihr w\u00f6chentlich 39 Stunden arbeiten m\u00fcsst. Diese Pflichten k\u00f6nnen auch spa\u00dfig sein, denn im Verlauf eures FSJs m\u00fcsst ihr an 25 Seminartagen teilnehmen. Diese Seminare sind in Grundlehrgang, Aufbaulehrgang und Abschlussseminar aufgeteilt. Die kostenlosen Seminartage werden von eurem Tr\u00e4ger (in meinem Fall der ASC G\u00f6ttingen) organisiert und bezahlt. Es kann auch einmal vorkommen, dass ihr selbstst\u00e4ndig Seminartage organisieren m\u00fcsst, da der Tr\u00e4ger vielleicht nur 20 Seminartage stellt. Solche selbstst\u00e4ndigen Seminartage k\u00f6nnen Exkursionen oder auch Erste-Hilfe-Kurse sein.<\/p>\n<p style=\"text-align: justify;\">Im Laufe des Vorbereitungsseminars erhaltet ihr die Juleica (Jugendleiterkarte), mit der ihr offiziell Gruppen leiten d\u00fcrft. W\u00e4hrend der Seminartage werdet ihr auf eine Pr\u00fcfung vorbereitet, welche ihr im Verlauf des FSJs ablegen m\u00fcsst. Dort m\u00fcsst ihr eine Gruppe leiten, welche von einem Pr\u00fcfer bewertet wird. Wenn ihr diese Pr\u00fcfung erfolgreich absolviert habt, dann erlangt ihr den \u00dcbungsleiter C-Schein.<\/p>\n<p style=\"text-align: justify;\">Wenn ihr ein FSJ im Sport macht, dann zieht ihr daraus auch gewisse Vorteile. Eure Sozialversicherung ist durch das FSJ abgedeckt und ihr erhaltet zudem noch einen Freiwilligenausweis, mit dem ihr Verg\u00fcnstigungen bei Reisen oder Kinobesuchen bekommt. Des Weiteren bekommt ihr auch ein kleines Taschengeld, inklusive dem Kindergeld.<\/p>\n<p style=\"text-align: justify;\">W\u00e4hrend des FSJs m\u00fcsst ihr ein eigenst\u00e4ndiges Projekt durchf\u00fchren, welches mit einem abschlie\u00dfenden Projektbericht dokumentiert wird. Euer Projekt k\u00f6nnte ein eigenst\u00e4ndiges Turnier, eine AG oder ein Sportfest sein. Dieses Projekt dient zur Anerkennung eures FSJs.<\/p>\n<p style=\"text-align: justify;\">Je nach Einsatzstelle habt ihr verschiedene Aufgaben zu bew\u00e4ltigen. In meinem Fall bin ich an einer Schule t\u00e4tig, wo ich den Pausensport leite, zwischendurch Vertretungsunterricht gebe, Sportturniere und Kinder betreue oder auch eine AG leiten muss. In eurem Freiwilligenjahr kommen auch Lehrkr\u00e4fte auf euch zu, die euch noch weitere Aufgaben geben, wie z.B. die Reparatur von Gegenst\u00e4nden.<\/p>\n<p style=\"text-align: justify;\">Abschlie\u00dfend kann ich sagen, dass sich ein FSJ im Sport lohnt. In diesem Jahr konnte ich viele neue Sachen dazulernen und auch eigene F\u00e4higkeiten verbessern oder sogar neu kennenlernen. Zudem ist es immer sehr lustig, da ich mein FSJ auch mit anderen Freiwilligen leiste und die Atmosph\u00e4re hier sehr gut ist.<\/p>\n<p style=\"text-align: justify;\">&nbsp;<\/p>\n<p style=\"text-align: right;\">(Text von Dominik, FSJler des Gymnasiums Rhauderfehn 2016\/17)<\/p>\n","protected":false},"excerpt":{"rendered":"<p>Falls ihr nach der Schule noch etwas ausprobieren und nicht gleich studieren gehen oder eine Ausbildung machen wollt, dann ist f\u00fcr Sportinteressierte das Freiwillige Soziale Jahr (FSJ) im Sport genau richtig. Bei einem FSJ im [&hellip;]<\/p>\n","protected":false},"author":1,"featured_media":0,"parent":18989,"menu_order":1,"comment_status":"closed","ping_status":"closed","template":"","meta":{"ngg_post_thumbnail":0,"footnotes":""},"class_list":["post-11613","page","type-page","status-publish","hentry"],"_links":{"self":[{"href":"https:\/\/www.gymnasium-rhauderfehn.de\/index.php?rest_route=\/wp\/v2\/pages\/11613","targetHints":{"allow":["GET"]}}],"collection":[{"href":"https:\/\/www.gymnasium-rhauderfehn.de\/index.php?rest_route=\/wp\/v2\/pages"}],"about":[{"href":"https:\/\/www.gymnasium-rhauderfehn.de\/index.php?rest_route=\/wp\/v2\/types\/page"}],"author":[{"embeddable":true,"href":"https:\/\/www.gymnasium-rhauderfehn.de\/index.php?rest_route=\/wp\/v2\/users\/1"}],"replies":[{"embeddable":true,"href":"https:\/\/www.gymnasium-rhauderfehn.de\/index.php?rest_route=%2Fwp%2Fv2%2Fcomments&post=11613"}],"version-history":[{"count":6,"href":"https:\/\/www.gymnasium-rhauderfehn.de\/index.php?rest_route=\/wp\/v2\/pages\/11613\/revisions"}],"predecessor-version":[{"id":12487,"href":"https:\/\/www.gymnasium-rhauderfehn.de\/index.php?rest_route=\/wp\/v2\/pages\/11613\/revisions\/12487"}],"up":[{"embeddable":true,"href":"https:\/\/www.gymnasium-rhauderfehn.de\/index.php?rest_route=\/wp\/v2\/pages\/18989"}],"wp:attachment":[{"href":"https:\/\/www.gymnasium-rhauderfehn.de\/index.php?rest_route=%2Fwp%2Fv2%2Fmedia&parent=11613"}],"curies":[{"name":"wp","href":"https:\/\/api.w.org\/{rel}","templated":true}]}}