{"id":17784,"date":"2021-03-06T17:08:20","date_gmt":"2021-03-06T16:08:20","guid":{"rendered":"https:\/\/www.gymnasium-rhauderfehn.de\/?page_id=17784"},"modified":"2022-04-19T00:41:40","modified_gmt":"2022-04-18T22:41:40","slug":"albrecht-weinberg","status":"publish","type":"page","link":"https:\/\/www.gymnasium-rhauderfehn.de\/?page_id=17784","title":{"rendered":"Der Name unserer Schule"},"content":{"rendered":"<div>\n<p>Das Gymnasium Rhauderfehn besteht seit 2004. Im 16. Jahr des Bestehens hat der Sprecherrat der Sch\u00fclervertretung im Januar 2020 den Vorschlag gemacht, die Schule in <b>Albrecht-Weinberg-Gymnasium Rhauderfehn<\/b> umzubenennen.<\/p>\n<\/div>\n<div>\n<p>Zur Begr\u00fcndung f\u00fchrten die jungen Leute aus:<\/p>\n<\/div>\n<div>\n<p>Namensgeber unserer Schule soll der geb\u00fcrtige Rhauderfehntjer Albrecht Weinberg sein, dem das Bundesverdienstkreuz verliehen und der zum ersten und einzigen Ehrenb\u00fcrger der Gemeinde Rhauderfehn ernannt wurde. Albrecht Weinberg wurde als Kind aus Rhauderfehn vertrieben. Er hat die Abscheulichkeiten der nationalsozialistischen Herrscher am eigenen Leibe sp\u00fcren m\u00fcssen und hat dies \u00fcberlebt. Unerm\u00fcdlich berichtet er heute von den Geschehnissen, um uns aufzukl\u00e4ren und uns einen Einblick in seine Geschichte zu geben. Durch die derzeitige politische Situation sehen wir es als Notwendigkeit an, ein Zeichen gegen Fremdenhass und Antisemitismus zu setzen. Trotz der bereits stattfindenden Aktivit\u00e4ten zur Aufkl\u00e4rung der Sch\u00fclerschaft \u00fcber den Holocaust und der Betonung von Werten wie Respekt, Toleranz, N\u00e4chstenliebe und Menschenw\u00fcrde sind wir der Meinung, dass wir als Schule ein noch deutlicheres Zeichen gegen eine extremistische Gesinnung setzen und als Schule klar Stellung beziehen m\u00fcssen, um mehr Bewusstsein zu schaffen und klar zu machen, dass solche Dinge in unserer Gemeinschaft nicht geduldet werden. Die \u00c4nderung unseres Namens ist ein gro\u00dfer Schritt. Wir sind \u00fcberzeugt, dass es ein Schritt in die richtige Richtung ist.<\/p>\n<\/div>\n<div>\n<p>Nachdem der Schulvorstand sich der Inititiative der Sch\u00fclervertretung angeschlossen hat, beschloss der zust\u00e4ndige Kreistag des Landkreises Leer am 10. September 2020, dem Vorschlag der Schule f\u00fcr den neuen Schulnamen zuzustimmen.<\/p>\n<\/div>\n<div>\n<p>Damit sich unsere Schule \u00fcber den historischen Aspekt hinaus mit Themen wie Ausgrenzung, Verfolgung, Vertreibung, Erinnerung, Wiedergutmachung, Populismus, soziale Gerechtigkeit, Toleranz, N\u00e4chstenliebe, Respekt, Menschenw\u00fcrde und vielen anderen auseinandersetzen kann, arbeitet eine Arbeitsgruppe aus Lehrer*innen und Sch\u00fcler*innen an der \u00dcbertragung des neuen Schulnamens ins Schulprogramm.<\/p>\n<\/div>\n<div>\n<p>Neben den Planungen f\u00fcr einen offziellen Festakt, der aufgrund der Corona-Pandemie noch eine Weile auf sich warten lassen muss, geht es dabei um die Dokumentation der zahlreichen bisherigen Aktivit\u00e4ten mit und um Albrecht Weinberg und um die Verankerung der Leitgedanken in den Unterricht m\u00f6glichst vieler F\u00e4cher. Erg\u00e4nzt werden regelm\u00e4\u00dfige Projekttage einzelner Jahrg\u00e4nge oder auch der gesamten Schule. Ein neues Schullogo wurde erarbeitet.<\/p>\n<\/div>\n","protected":false},"excerpt":{"rendered":"<p>Der Name unserer Schule<\/p>\n<p>Das Gymnasium Rhauderfehn besteht seit 2004. Im 16. Jahr des Bestehens hat der Sprecherrat der Sch\u00fclervertretung im Januar 2020 den Vorschlag gemacht, die Schule in Albrecht-Weinberg-Gymnasium Rhauderfehn umzubenennen.<\/p>\n<p>Zur Begr\u00fcndung f\u00fchrten die jungen Leute aus:<\/p>\n<p>Namensgeber unserer Schule soll der geb\u00fcrtige Rhauderfehntjer Albrecht Weinberg sein, dem das Bundesverdienstkreuz verliehen und der zum ersten und einzigen Ehrenb\u00fcrger der Gemeinde Rhauderfehn ernannt wurde. Albrecht Weinberg wurde als Kind aus Rhauderfehn vertrieben. Er hat die Abscheulichkeiten der nationalsozialistischen Herrscher am eigenen Leibe sp\u00fcren m\u00fcssen und hat dies \u00fcberlebt. Unerm\u00fcdlich berichtet er heute von den Geschehnissen, um uns aufzukl\u00e4ren und uns einen Einblick in seine Geschichte zu geben[&#8230;]<\/p>\n","protected":false},"author":1,"featured_media":0,"parent":19093,"menu_order":0,"comment_status":"closed","ping_status":"closed","template":"","meta":{"ngg_post_thumbnail":0,"footnotes":""},"class_list":["post-17784","page","type-page","status-publish","hentry"],"_links":{"self":[{"href":"https:\/\/www.gymnasium-rhauderfehn.de\/index.php?rest_route=\/wp\/v2\/pages\/17784","targetHints":{"allow":["GET"]}}],"collection":[{"href":"https:\/\/www.gymnasium-rhauderfehn.de\/index.php?rest_route=\/wp\/v2\/pages"}],"about":[{"href":"https:\/\/www.gymnasium-rhauderfehn.de\/index.php?rest_route=\/wp\/v2\/types\/page"}],"author":[{"embeddable":true,"href":"https:\/\/www.gymnasium-rhauderfehn.de\/index.php?rest_route=\/wp\/v2\/users\/1"}],"replies":[{"embeddable":true,"href":"https:\/\/www.gymnasium-rhauderfehn.de\/index.php?rest_route=%2Fwp%2Fv2%2Fcomments&post=17784"}],"version-history":[{"count":3,"href":"https:\/\/www.gymnasium-rhauderfehn.de\/index.php?rest_route=\/wp\/v2\/pages\/17784\/revisions"}],"predecessor-version":[{"id":19073,"href":"https:\/\/www.gymnasium-rhauderfehn.de\/index.php?rest_route=\/wp\/v2\/pages\/17784\/revisions\/19073"}],"up":[{"embeddable":true,"href":"https:\/\/www.gymnasium-rhauderfehn.de\/index.php?rest_route=\/wp\/v2\/pages\/19093"}],"wp:attachment":[{"href":"https:\/\/www.gymnasium-rhauderfehn.de\/index.php?rest_route=%2Fwp%2Fv2%2Fmedia&parent=17784"}],"curies":[{"name":"wp","href":"https:\/\/api.w.org\/{rel}","templated":true}]}}

<div>
<p>Das Gymnasium Rhauderfehn besteht seit 2004. Im 16. Jahr des Bestehens hat der Sprecherrat der Schülervertretung im Januar 2020 den Vorschlag gemacht, die Schule in <b>Albrecht-Weinberg-Gymnasium Rhauderfehn</b> umzubenennen.</p>
</div>
<div>
<p>Zur Begründung führten die jungen Leute aus:</p>
</div>
<div>
<p>Namensgeber unserer Schule soll der gebürtige Rhauderfehntjer Albrecht Weinberg sein, dem das Bundesverdienstkreuz verliehen und der zum ersten und einzigen Ehrenbürger der Gemeinde Rhauderfehn ernannt wurde. Albrecht Weinberg wurde als Kind aus Rhauderfehn vertrieben. Er hat die Abscheulichkeiten der nationalsozialistischen Herrscher am eigenen Leibe spüren müssen und hat dies überlebt. Unermüdlich berichtet er heute von den Geschehnissen, um uns aufzuklären und uns einen Einblick in seine Geschichte zu geben. Durch die derzeitige politische Situation sehen wir es als Notwendigkeit an, ein Zeichen gegen Fremdenhass und Antisemitismus zu setzen. Trotz der bereits stattfindenden Aktivitäten zur Aufklärung der Schülerschaft über den Holocaust und der Betonung von Werten wie Respekt, Toleranz, Nächstenliebe und Menschenwürde sind wir der Meinung, dass wir als Schule ein noch deutlicheres Zeichen gegen eine extremistische Gesinnung setzen und als Schule klar Stellung beziehen müssen, um mehr Bewusstsein zu schaffen und klar zu machen, dass solche Dinge in unserer Gemeinschaft nicht geduldet werden. Die Änderung unseres Namens ist ein großer Schritt. Wir sind überzeugt, dass es ein Schritt in die richtige Richtung ist.</p>
</div>
<div>
<p>Nachdem der Schulvorstand sich der Inititiative der Schülervertretung angeschlossen hat, beschloss der zuständige Kreistag des Landkreises Leer am 10. September 2020, dem Vorschlag der Schule für den neuen Schulnamen zuzustimmen.</p>
</div>
<div>
<p>Damit sich unsere Schule über den historischen Aspekt hinaus mit Themen wie Ausgrenzung, Verfolgung, Vertreibung, Erinnerung, Wiedergutmachung, Populismus, soziale Gerechtigkeit, Toleranz, Nächstenliebe, Respekt, Menschenwürde und vielen anderen auseinandersetzen kann, arbeitet eine Arbeitsgruppe aus Lehrer*innen und Schüler*innen an der Übertragung des neuen Schulnamens ins Schulprogramm.</p>
</div>
<div>
<p>Neben den Planungen für einen offziellen Festakt, der aufgrund der Corona-Pandemie noch eine Weile auf sich warten lassen muss, geht es dabei um die Dokumentation der zahlreichen bisherigen Aktivitäten mit und um Albrecht Weinberg und um die Verankerung der Leitgedanken in den Unterricht möglichst vieler Fächer. Ergänzt werden regelmäßige Projekttage einzelner Jahrgänge oder auch der gesamten Schule. Ein neues Schullogo wurde erarbeitet.</p>
</div>

<p>Der Name unserer Schule</p>
<p>Das Gymnasium Rhauderfehn besteht seit 2004. Im 16. Jahr des Bestehens hat der Sprecherrat der Schülervertretung im Januar 2020 den Vorschlag gemacht, die Schule in Albrecht-Weinberg-Gymnasium Rhauderfehn umzubenennen.</p>
<p>Zur Begründung führten die jungen Leute aus:</p>
<p>Namensgeber unserer Schule soll der gebürtige Rhauderfehntjer Albrecht Weinberg sein, dem das Bundesverdienstkreuz verliehen und der zum ersten und einzigen Ehrenbürger der Gemeinde Rhauderfehn ernannt wurde. Albrecht Weinberg wurde als Kind aus Rhauderfehn vertrieben. Er hat die Abscheulichkeiten der nationalsozialistischen Herrscher am eigenen Leibe spüren müssen und hat dies überlebt. Unermüdlich berichtet er heute von den Geschehnissen, um uns aufzuklären und uns einen Einblick in seine Geschichte zu geben[&#8230;]</p>
