{"id":17786,"date":"2021-03-06T17:10:00","date_gmt":"2021-03-06T16:10:00","guid":{"rendered":"https:\/\/www.gymnasium-rhauderfehn.de\/?page_id=17786"},"modified":"2022-04-19T01:06:26","modified_gmt":"2022-04-18T23:06:26","slug":"zum-leben-unseres-namensgebers","status":"publish","type":"page","link":"https:\/\/www.gymnasium-rhauderfehn.de\/?page_id=17786","title":{"rendered":"Wer ist Albrecht Weinberg?"},"content":{"rendered":"<p>In <a href=\"https:\/\/www.gymnasium-rhauderfehn.de\/?page_id=17799\">diesem Artikel<\/a> berichten die Sch\u00fcler Jonas H., S\u00f6nke S. und Lukas S. ausf\u00fchrlich \u00fcber das bewegende Leben von Albrecht Weinberg, insbesondere im Hinblick auf den Nationalsozialismus.<\/p>\n<p>In <a href=\"https:\/\/www.gymnasium-rhauderfehn.de\/wp-content\/uploads\/2021\/02\/20210216_AW-fuer-Grunschueler-erklaert.jpg\">dieser&nbsp;k\u00fcrzeren Version<\/a> haben Sch\u00fcler das Leben von Albrecht Weinberg f\u00fcr Kinder erkl\u00e4rt. &nbsp;<\/p>\n","protected":false},"excerpt":{"rendered":"<p>In diesem Artikel berichten die Sch\u00fcler Jonas H., S\u00f6nke S. und Lukas S. ausf\u00fchrlich \u00fcber das bewegende Leben von Albrecht Weinberg, insbesondere im Hinblick auf den Nationalsozialismus. In dieser&nbsp;k\u00fcrzeren Version haben Sch\u00fcler das Leben von [&hellip;]<\/p>\n","protected":false},"author":1,"featured_media":0,"parent":17784,"menu_order":3,"comment_status":"closed","ping_status":"closed","template":"","meta":{"ngg_post_thumbnail":0,"footnotes":""},"class_list":["post-17786","page","type-page","status-publish","hentry"],"_links":{"self":[{"href":"https:\/\/www.gymnasium-rhauderfehn.de\/index.php?rest_route=\/wp\/v2\/pages\/17786","targetHints":{"allow":["GET"]}}],"collection":[{"href":"https:\/\/www.gymnasium-rhauderfehn.de\/index.php?rest_route=\/wp\/v2\/pages"}],"about":[{"href":"https:\/\/www.gymnasium-rhauderfehn.de\/index.php?rest_route=\/wp\/v2\/types\/page"}],"author":[{"embeddable":true,"href":"https:\/\/www.gymnasium-rhauderfehn.de\/index.php?rest_route=\/wp\/v2\/users\/1"}],"replies":[{"embeddable":true,"href":"https:\/\/www.gymnasium-rhauderfehn.de\/index.php?rest_route=%2Fwp%2Fv2%2Fcomments&post=17786"}],"version-history":[{"count":5,"href":"https:\/\/www.gymnasium-rhauderfehn.de\/index.php?rest_route=\/wp\/v2\/pages\/17786\/revisions"}],"predecessor-version":[{"id":19100,"href":"https:\/\/www.gymnasium-rhauderfehn.de\/index.php?rest_route=\/wp\/v2\/pages\/17786\/revisions\/19100"}],"up":[{"embeddable":true,"href":"https:\/\/www.gymnasium-rhauderfehn.de\/index.php?rest_route=\/wp\/v2\/pages\/17784"}],"wp:attachment":[{"href":"https:\/\/www.gymnasium-rhauderfehn.de\/index.php?rest_route=%2Fwp%2Fv2%2Fmedia&parent=17786"}],"curies":[{"name":"wp","href":"https:\/\/api.w.org\/{rel}","templated":true}]}}