{"id":17790,"date":"2021-03-06T17:09:01","date_gmt":"2021-03-06T16:09:01","guid":{"rendered":"https:\/\/www.gymnasium-rhauderfehn.de\/?page_id=17790"},"modified":"2025-03-08T10:12:28","modified_gmt":"2025-03-08T09:12:28","slug":"die-bedeutung-des-schulnamens-im-schulprogramm","status":"publish","type":"page","link":"https:\/\/www.gymnasium-rhauderfehn.de\/?page_id=17790","title":{"rendered":"Was tun wir?"},"content":{"rendered":"<p>Damit sich unsere Schule \u00fcber den historischen Aspekt hinaus mit Themen wie Ausgrenzung, Verfolgung, Vertreibung, Erinnerung, Wiedergutmachung, Populismus, soziale Gerechtigkeit, Toleranz, N\u00e4chstenliebe, Respekt, Menschenw\u00fcrde und vielen anderen auseinandersetzen kann, hat eine Arbeitsgruppe aus Lehrer*innen und Sch\u00fcler*innen den neuen Schulnamens ins Schulprogramm \u00fcbertragen.<\/p>\n<h1><strong>Zielsetzung:<\/strong><\/h1>\n<p>Zielsetzung ist es, Werte, die in besonderer Weise mit dem Leben und Wirken Albrecht Weinbergs verbunden sind, in unseren Schulalltag zu integrieren. Hierzu geh\u00f6ren unter anderem die Aufkl\u00e4rung \u00fcber den Holocaust, die Besch\u00e4ftigung mit der Geschichte des Nationalsozialismus in Ostfriesland, die Betrachtung der Lebensgeschichte von Albrecht Weinberg sowie die Auseinandersetzung mit Themen wie Rassismus, Toleranz, Umgang mit dem Fremden.&nbsp; Weiterhin soll im Sinne der &#8218;Holocaust Education&#8216; gehandelt werden.&nbsp; Diese hat das Ziel, \u201eLernende mit Wissen, Kompetenzen und Handlungsoptionen auszustatten, um zu kritischem Denken zu bef\u00e4higen und verantwortungsvolle Weltb\u00fcrger hervorzubringen, welche die Menschenw\u00fcrde achten sowie Vorurteile und Ausgrenzung &#8211; die in Gewalt und V\u00f6lkermord m\u00fcnden k\u00f6nnen &#8211; ablehnen.\u201c<a href=\"applewebdata:\/\/BFF1DF1F-9850-408E-8E48-9A77238851B5#_ftn1\" name=\"_ftnref1\">[1]<\/a><\/p>\n<h1><strong>Ma\u00dfnahmen:<\/strong><\/h1>\n<ol>\n<li>Die Einbindung der m\u00f6glichen Themenbereiche in den Unterricht wird durch die Fachgruppen in den schulinternen Curricula verankert. Auf diese Weise soll eine Bewusstmachung im Schulalltag unterst\u00fctzt werden.<\/li>\n<li>Projekttage f\u00fcr alle Sch\u00fclerinnen und Sch\u00fcler, die in besonderer Weise Aufkl\u00e4rung, Erinnern und Gedenken im Schulalltag verstetigen sollen, werden j\u00e4hrlich durchgef\u00fchrt.<\/li>\n<li>Au\u00dferschulische Lernorte (Beispielhaft: die J\u00fcdische Schule in Leer, die Gedenkst\u00e4tte Esterwegen, die Synagoge in Groningen) sollen den Prozess des Lernens und Erlebens unterst\u00fctzen.<\/li>\n<li>Durch die Ausgestaltung der eigenen Lernumgebung soll der Schulname im Alltag der Schulgemeinschaft einen Platz finden.<\/li>\n<li>Durch Teilnahme an Projekten wie \u201eSchule ohne Rassismus- Schule mit Courage\u201c und die Kooperation mit anderen interessierten Schulen kann und soll eine Vernetzung stattfinden, deren Ziel eine Sensibilisierung f\u00fcr Themen wie Rassismus, Diskriminierung und Ungleichbehandlung ist. Insbesondere bei der Initiation dieser Teilnahmen wird Sch\u00fclerinitiative gef\u00f6rdert.<\/li>\n<\/ol>\n<p>Im Sommer 2022 beschloss die Gesamtkonferenz die regelm\u00e4\u00dfige Durchf\u00fchrung folgender Projekte mit dem Ziel, dass jede Sch\u00fclerin und jeder Sch\u00fcler einmal pro Schuljahr an Inhalten, die mit dem Schulnamen verkn\u00fcpft sind, arbeitet:<\/p>\n<p><strong>27. Januar (Internationaler Holocaust-Gedenktag): <\/strong><\/p>\n<p>Jg. 9: Sozialprojekt; Jg. 10: Extremismus-Pr\u00e4vention und Exkursion zur Gedenkst\u00e4tte Esterwegen; Jg. 13: Exkursion zur Gedenkst\u00e4tte Bergen-Belsen<\/p>\n<p><strong>7. M\u00e4rz (Albrecht Weinbergs Geburtstag):<\/strong><\/p>\n<p>Jg. 5: Kindheit und Jugend im Nationalsozialismus; Jg. 6: Judentum; Jg. 11: Ehemalige J\u00fcdische Schule und Synagoge Groningen<\/p>\n<p><strong>9. November (Gedenktag zum Pogrom 1938):<\/strong><\/p>\n<p>Jg. 7: Fremdenfeindlichkeit; Jg. 8: Fl\u00fcchtlinge; Jg. 12: Vorbereitung und Teilnahme am Stolperstein-Rundgang in Rhauderfehn (Familien Cohen, Gumpertz und Weinberg)<\/p>\n<p>&nbsp;<\/p>\n<p><a href=\"applewebdata:\/\/BFF1DF1F-9850-408E-8E48-9A77238851B5#_ftnref1\" name=\"_ftn1\">[1]<\/a> https:\/\/www.unesco.de\/bildung\/hochwertige-bildung\/global-citizenship-education\/holocaust-education<\/p>\n","protected":false},"excerpt":{"rendered":"<p>Damit sich unsere Schule \u00fcber den historischen Aspekt hinaus mit Themen wie Ausgrenzung, Verfolgung, Vertreibung, Erinnerung, Wiedergutmachung, Populismus, soziale Gerechtigkeit, Toleranz, N\u00e4chstenliebe, Respekt, Menschenw\u00fcrde und vielen anderen auseinandersetzen kann, arbeitet eine Arbeitsgruppe aus Lehrer*innen und Sch\u00fcler*innen an der \u00dcbertragung des neuen Schulnamens ins Schulprogramm[&#8230;]<\/p>\n","protected":false},"author":1,"featured_media":0,"parent":17784,"menu_order":2,"comment_status":"closed","ping_status":"closed","template":"","meta":{"ngg_post_thumbnail":0,"footnotes":""},"class_list":["post-17790","page","type-page","status-publish","hentry"],"_links":{"self":[{"href":"https:\/\/www.gymnasium-rhauderfehn.de\/index.php?rest_route=\/wp\/v2\/pages\/17790","targetHints":{"allow":["GET"]}}],"collection":[{"href":"https:\/\/www.gymnasium-rhauderfehn.de\/index.php?rest_route=\/wp\/v2\/pages"}],"about":[{"href":"https:\/\/www.gymnasium-rhauderfehn.de\/index.php?rest_route=\/wp\/v2\/types\/page"}],"author":[{"embeddable":true,"href":"https:\/\/www.gymnasium-rhauderfehn.de\/index.php?rest_route=\/wp\/v2\/users\/1"}],"replies":[{"embeddable":true,"href":"https:\/\/www.gymnasium-rhauderfehn.de\/index.php?rest_route=%2Fwp%2Fv2%2Fcomments&post=17790"}],"version-history":[{"count":10,"href":"https:\/\/www.gymnasium-rhauderfehn.de\/index.php?rest_route=\/wp\/v2\/pages\/17790\/revisions"}],"predecessor-version":[{"id":21386,"href":"https:\/\/www.gymnasium-rhauderfehn.de\/index.php?rest_route=\/wp\/v2\/pages\/17790\/revisions\/21386"}],"up":[{"embeddable":true,"href":"https:\/\/www.gymnasium-rhauderfehn.de\/index.php?rest_route=\/wp\/v2\/pages\/17784"}],"wp:attachment":[{"href":"https:\/\/www.gymnasium-rhauderfehn.de\/index.php?rest_route=%2Fwp%2Fv2%2Fmedia&parent=17790"}],"curies":[{"name":"wp","href":"https:\/\/api.w.org\/{rel}","templated":true}]}}

<p>Damit sich unsere Schule über den historischen Aspekt hinaus mit Themen wie Ausgrenzung, Verfolgung, Vertreibung, Erinnerung, Wiedergutmachung, Populismus, soziale Gerechtigkeit, Toleranz, Nächstenliebe, Respekt, Menschenwürde und vielen anderen auseinandersetzen kann, hat eine Arbeitsgruppe aus Lehrer*innen und Schüler*innen den neuen Schulnamens ins Schulprogramm übertragen.</p>
<h1><strong>Zielsetzung:</strong></h1>
<p>Zielsetzung ist es, Werte, die in besonderer Weise mit dem Leben und Wirken Albrecht Weinbergs verbunden sind, in unseren Schulalltag zu integrieren. Hierzu gehören unter anderem die Aufklärung über den Holocaust, die Beschäftigung mit der Geschichte des Nationalsozialismus in Ostfriesland, die Betrachtung der Lebensgeschichte von Albrecht Weinberg sowie die Auseinandersetzung mit Themen wie Rassismus, Toleranz, Umgang mit dem Fremden.&nbsp; Weiterhin soll im Sinne der &#8218;Holocaust Education&#8216; gehandelt werden.&nbsp; Diese hat das Ziel, „Lernende mit Wissen, Kompetenzen und Handlungsoptionen auszustatten, um zu kritischem Denken zu befähigen und verantwortungsvolle Weltbürger hervorzubringen, welche die Menschenwürde achten sowie Vorurteile und Ausgrenzung &#8211; die in Gewalt und Völkermord münden können &#8211; ablehnen.“<a href="applewebdata://BFF1DF1F-9850-408E-8E48-9A77238851B5#_ftn1" name="_ftnref1">[1]</a></p>
<h1><strong>Maßnahmen:</strong></h1>
<ol>
<li>Die Einbindung der möglichen Themenbereiche in den Unterricht wird durch die Fachgruppen in den schulinternen Curricula verankert. Auf diese Weise soll eine Bewusstmachung im Schulalltag unterstützt werden.</li>
<li>Projekttage für alle Schülerinnen und Schüler, die in besonderer Weise Aufklärung, Erinnern und Gedenken im Schulalltag verstetigen sollen, werden jährlich durchgeführt.</li>
<li>Außerschulische Lernorte (Beispielhaft: die Jüdische Schule in Leer, die Gedenkstätte Esterwegen, die Synagoge in Groningen) sollen den Prozess des Lernens und Erlebens unterstützen.</li>
<li>Durch die Ausgestaltung der eigenen Lernumgebung soll der Schulname im Alltag der Schulgemeinschaft einen Platz finden.</li>
<li>Durch Teilnahme an Projekten wie „Schule ohne Rassismus- Schule mit Courage“ und die Kooperation mit anderen interessierten Schulen kann und soll eine Vernetzung stattfinden, deren Ziel eine Sensibilisierung für Themen wie Rassismus, Diskriminierung und Ungleichbehandlung ist. Insbesondere bei der Initiation dieser Teilnahmen wird Schülerinitiative gefördert.</li>
</ol>
<p>Im Sommer 2022 beschloss die Gesamtkonferenz die regelmäßige Durchführung folgender Projekte mit dem Ziel, dass jede Schülerin und jeder Schüler einmal pro Schuljahr an Inhalten, die mit dem Schulnamen verknüpft sind, arbeitet:</p>
<p><strong>27. Januar (Internationaler Holocaust-Gedenktag): </strong></p>
<p>Jg. 9: Sozialprojekt; Jg. 10: Extremismus-Prävention und Exkursion zur Gedenkstätte Esterwegen; Jg. 13: Exkursion zur Gedenkstätte Bergen-Belsen</p>
<p><strong>7. März (Albrecht Weinbergs Geburtstag):</strong></p>
<p>Jg. 5: Kindheit und Jugend im Nationalsozialismus; Jg. 6: Judentum; Jg. 11: Ehemalige Jüdische Schule und Synagoge Groningen</p>
<p><strong>9. November (Gedenktag zum Pogrom 1938):</strong></p>
<p>Jg. 7: Fremdenfeindlichkeit; Jg. 8: Flüchtlinge; Jg. 12: Vorbereitung und Teilnahme am Stolperstein-Rundgang in Rhauderfehn (Familien Cohen, Gumpertz und Weinberg)</p>
<p>&nbsp;</p>
<p><a href="applewebdata://BFF1DF1F-9850-408E-8E48-9A77238851B5#_ftnref1" name="_ftn1">[1]</a> https://www.unesco.de/bildung/hochwertige-bildung/global-citizenship-education/holocaust-education</p>

<p>Damit sich unsere Schule über den historischen Aspekt hinaus mit Themen wie Ausgrenzung, Verfolgung, Vertreibung, Erinnerung, Wiedergutmachung, Populismus, soziale Gerechtigkeit, Toleranz, Nächstenliebe, Respekt, Menschenwürde und vielen anderen auseinandersetzen kann, arbeitet eine Arbeitsgruppe aus Lehrer*innen und Schüler*innen an der Übertragung des neuen Schulnamens ins Schulprogramm[&#8230;]</p>
