{"id":18974,"date":"2022-04-18T15:23:54","date_gmt":"2022-04-18T13:23:54","guid":{"rendered":"https:\/\/www.gymnasium-rhauderfehn.de\/?page_id=18974"},"modified":"2026-04-01T16:32:07","modified_gmt":"2026-04-01T14:32:07","slug":"neuaufnahme","status":"publish","type":"page","link":"https:\/\/www.gymnasium-rhauderfehn.de\/?page_id=18974","title":{"rendered":"Neuaufnahme"},"content":{"rendered":"<p>Du m\u00f6chtest Teil der Schulgemeinschaft des Albrecht-Weinberg-Gymnasiums werden?<\/p>\n<p>Sie m\u00f6chten Ihre Tochter\/Ihren Sohn am Albrecht-Weinberg-Gymnasium anmelden?<\/p>\n<p>Wir nehmen in der Regel Sch\u00fcler*innen in den 5. Jahrgang auf. Aber auch in den Folgejahrg\u00e4ngen der Sekundarstufe 1 kommen noch einzelne Sch\u00fcler*innen hinzu.<\/p>\n<p><strong>Links im Menu finden Sie alle Informationen zur Neuaufnahme zum neuen Schuljahr 2026\/27.<\/strong><\/p>\n<p>Auch eine Aufnahme in die gymnasiale Oberstufe (Jahrgang 11-13) ist m\u00f6glich, wenn der erweiterte Sekundarabschluss I erworben wurde. Informationen zur Oberstufe finde Sie unter &#8222;Unterricht&#8220;.<\/p>\n","protected":false},"excerpt":{"rendered":"<p>Du m\u00f6chtest Teil der Schulgemeinschaft des Albrecht-Weinberg-Gymnasiums werden? Sie m\u00f6chten Ihre Tochter\/Ihren Sohn am Albrecht-Weinberg-Gymnasium anmelden? Wir nehmen in der Regel Sch\u00fcler*innen in den 5. Jahrgang auf. Aber auch in den Folgejahrg\u00e4ngen der Sekundarstufe 1 [&hellip;]<\/p>\n","protected":false},"author":42,"featured_media":0,"parent":18947,"menu_order":6,"comment_status":"closed","ping_status":"closed","template":"","meta":{"ngg_post_thumbnail":0,"footnotes":""},"class_list":["post-18974","page","type-page","status-publish","hentry"],"_links":{"self":[{"href":"https:\/\/www.gymnasium-rhauderfehn.de\/index.php?rest_route=\/wp\/v2\/pages\/18974","targetHints":{"allow":["GET"]}}],"collection":[{"href":"https:\/\/www.gymnasium-rhauderfehn.de\/index.php?rest_route=\/wp\/v2\/pages"}],"about":[{"href":"https:\/\/www.gymnasium-rhauderfehn.de\/index.php?rest_route=\/wp\/v2\/types\/page"}],"author":[{"embeddable":true,"href":"https:\/\/www.gymnasium-rhauderfehn.de\/index.php?rest_route=\/wp\/v2\/users\/42"}],"replies":[{"embeddable":true,"href":"https:\/\/www.gymnasium-rhauderfehn.de\/index.php?rest_route=%2Fwp%2Fv2%2Fcomments&post=18974"}],"version-history":[{"count":8,"href":"https:\/\/www.gymnasium-rhauderfehn.de\/index.php?rest_route=\/wp\/v2\/pages\/18974\/revisions"}],"predecessor-version":[{"id":22653,"href":"https:\/\/www.gymnasium-rhauderfehn.de\/index.php?rest_route=\/wp\/v2\/pages\/18974\/revisions\/22653"}],"up":[{"embeddable":true,"href":"https:\/\/www.gymnasium-rhauderfehn.de\/index.php?rest_route=\/wp\/v2\/pages\/18947"}],"wp:attachment":[{"href":"https:\/\/www.gymnasium-rhauderfehn.de\/index.php?rest_route=%2Fwp%2Fv2%2Fmedia&parent=18974"}],"curies":[{"name":"wp","href":"https:\/\/api.w.org\/{rel}","templated":true}]}}