{"id":18998,"date":"2022-04-18T19:56:29","date_gmt":"2022-04-18T17:56:29","guid":{"rendered":"https:\/\/www.gymnasium-rhauderfehn.de\/?page_id=18998"},"modified":"2026-04-21T18:59:11","modified_gmt":"2026-04-21T16:59:11","slug":"beratungslehrkraefte","status":"publish","type":"page","link":"https:\/\/www.gymnasium-rhauderfehn.de\/?page_id=18998","title":{"rendered":"Beratungslehrkr\u00e4fte"},"content":{"rendered":"<p>Die Beratungslehrkr\u00e4fte Torben Martens und Niki Sch\u00e4fer sind Ansprechpartner f\u00fcr alle Probleme rund um Schule, die du nicht mit deinem Klassenlehrer oder deiner Klassenlehrerin besprechen m\u00f6chtest.<br \/>\nBist du zum Beispiel nicht sicher, ob das Gymnasium die richtige Schulform f\u00fcr dich ist? Hast du Motivationsschwierigkeiten oder andere Probleme beim Lernen zu Hause oder in der Schule? Wei\u00dft du nicht, wie es f\u00fcr dich in der Schule weitergehen soll? Oder suchst du Ansprechpartner f\u00fcr ganz andere Probleme? In jedem Fall kannst du dich an die Beratungslehrkr\u00e4fte wenden.<br \/>\nEin Gespr\u00e4ch mit einer Beratungslehrkraft ist immer freiwillig und durch die Verschwiegenheitspflicht kannst du sicher sein, dass dein Anliegen vertraulich behandelt wird.<br \/>\nDas Beratungsangebot richtet sich auch an Eltern und Kollegen.<\/p>\n<p>Kontakt:<br \/>\n<a dir=\"ltr\" href=\"mailto:torben.martens@gymnasium-rhauderfehn.eu\">torben.martens@gymnasium-rhauderfehn.eu<\/a><br \/>\n<a dir=\"ltr\" href=\"mailto:niki.schaefer@gymnasium-rhauderfehn.eu\">niki.schaefer@gymnasium-rhauderfehn.eu<\/a><\/p>\n<hr \/>\n<hr \/>\n<p>Die Gespr\u00e4che finden in der Regel im Beratungsraum B208 statt.<\/p>\n<p>&nbsp;<\/p>\n<p>&nbsp;<\/p>\n<h2><\/h2>\n","protected":false},"excerpt":{"rendered":"<p>Die Beratungslehrkr\u00e4fte Torben Martens und Niki Sch\u00e4fer sind Ansprechpartner f\u00fcr alle Probleme rund um Schule, die du nicht mit deinem Klassenlehrer oder deiner Klassenlehrerin besprechen m\u00f6chtest. Bist du zum Beispiel nicht sicher, ob das Gymnasium [&hellip;]<\/p>\n","protected":false},"author":42,"featured_media":0,"parent":18995,"menu_order":1,"comment_status":"closed","ping_status":"closed","template":"","meta":{"ngg_post_thumbnail":0,"footnotes":""},"class_list":["post-18998","page","type-page","status-publish","hentry"],"_links":{"self":[{"href":"https:\/\/www.gymnasium-rhauderfehn.de\/index.php?rest_route=\/wp\/v2\/pages\/18998","targetHints":{"allow":["GET"]}}],"collection":[{"href":"https:\/\/www.gymnasium-rhauderfehn.de\/index.php?rest_route=\/wp\/v2\/pages"}],"about":[{"href":"https:\/\/www.gymnasium-rhauderfehn.de\/index.php?rest_route=\/wp\/v2\/types\/page"}],"author":[{"embeddable":true,"href":"https:\/\/www.gymnasium-rhauderfehn.de\/index.php?rest_route=\/wp\/v2\/users\/42"}],"replies":[{"embeddable":true,"href":"https:\/\/www.gymnasium-rhauderfehn.de\/index.php?rest_route=%2Fwp%2Fv2%2Fcomments&post=18998"}],"version-history":[{"count":6,"href":"https:\/\/www.gymnasium-rhauderfehn.de\/index.php?rest_route=\/wp\/v2\/pages\/18998\/revisions"}],"predecessor-version":[{"id":22712,"href":"https:\/\/www.gymnasium-rhauderfehn.de\/index.php?rest_route=\/wp\/v2\/pages\/18998\/revisions\/22712"}],"up":[{"embeddable":true,"href":"https:\/\/www.gymnasium-rhauderfehn.de\/index.php?rest_route=\/wp\/v2\/pages\/18995"}],"wp:attachment":[{"href":"https:\/\/www.gymnasium-rhauderfehn.de\/index.php?rest_route=%2Fwp%2Fv2%2Fmedia&parent=18998"}],"curies":[{"name":"wp","href":"https:\/\/api.w.org\/{rel}","templated":true}]}}