{"id":19010,"date":"2022-04-18T20:06:25","date_gmt":"2022-04-18T18:06:25","guid":{"rendered":"https:\/\/www.gymnasium-rhauderfehn.de\/?page_id=19010"},"modified":"2022-04-18T20:06:25","modified_gmt":"2022-04-18T18:06:25","slug":"extra-zentrale-anlaufstelle-fuer-opfer-sexueller-uebergriffe","status":"publish","type":"page","link":"https:\/\/www.gymnasium-rhauderfehn.de\/?page_id=19010","title":{"rendered":"Extra: Zentrale Anlaufstelle f\u00fcr Opfer sexueller \u00dcbergriffe"},"content":{"rendered":"<h2>Anlaufstelle:<\/h2>\n<p>An dieser Stelle weisen wir zus\u00e4tzlich auf die zentrale&nbsp;&#8222;<a href=\"http:\/\/www.mk.niedersachsen.de\/portal\/live.php?navigation_id=31270&amp;article_id=107861&amp;_psmand=8\">Anlaufstelle f\u00fcr Opfer und Fragen des sexuellen Missbrauchs und Diskriminierung in Schule und Tageseinrichtungen f\u00fcr Kinder<\/a>&#8220;&nbsp;hin, die beim Nieders\u00e4chsischen&nbsp; Kultusministerium in Hannover eingerichtet worden ist.<\/p>\n","protected":false},"excerpt":{"rendered":"<p>Anlaufstelle: An dieser Stelle weisen wir zus\u00e4tzlich auf die zentrale&nbsp;&#8222;Anlaufstelle f\u00fcr Opfer und Fragen des sexuellen Missbrauchs und Diskriminierung in Schule und Tageseinrichtungen f\u00fcr Kinder&#8220;&nbsp;hin, die beim Nieders\u00e4chsischen&nbsp; Kultusministerium in Hannover eingerichtet worden ist.<\/p>\n","protected":false},"author":42,"featured_media":0,"parent":84,"menu_order":4,"comment_status":"closed","ping_status":"closed","template":"","meta":{"ngg_post_thumbnail":0,"footnotes":""},"class_list":["post-19010","page","type-page","status-publish","hentry"],"_links":{"self":[{"href":"https:\/\/www.gymnasium-rhauderfehn.de\/index.php?rest_route=\/wp\/v2\/pages\/19010","targetHints":{"allow":["GET"]}}],"collection":[{"href":"https:\/\/www.gymnasium-rhauderfehn.de\/index.php?rest_route=\/wp\/v2\/pages"}],"about":[{"href":"https:\/\/www.gymnasium-rhauderfehn.de\/index.php?rest_route=\/wp\/v2\/types\/page"}],"author":[{"embeddable":true,"href":"https:\/\/www.gymnasium-rhauderfehn.de\/index.php?rest_route=\/wp\/v2\/users\/42"}],"replies":[{"embeddable":true,"href":"https:\/\/www.gymnasium-rhauderfehn.de\/index.php?rest_route=%2Fwp%2Fv2%2Fcomments&post=19010"}],"version-history":[{"count":1,"href":"https:\/\/www.gymnasium-rhauderfehn.de\/index.php?rest_route=\/wp\/v2\/pages\/19010\/revisions"}],"predecessor-version":[{"id":19011,"href":"https:\/\/www.gymnasium-rhauderfehn.de\/index.php?rest_route=\/wp\/v2\/pages\/19010\/revisions\/19011"}],"up":[{"embeddable":true,"href":"https:\/\/www.gymnasium-rhauderfehn.de\/index.php?rest_route=\/wp\/v2\/pages\/84"}],"wp:attachment":[{"href":"https:\/\/www.gymnasium-rhauderfehn.de\/index.php?rest_route=%2Fwp%2Fv2%2Fmedia&parent=19010"}],"curies":[{"name":"wp","href":"https:\/\/api.w.org\/{rel}","templated":true}]}}

Extra: Zentrale Anlaufstelle für Opfer sexueller Übergriffe

<h2>Anlaufstelle:</h2>
<p>An dieser Stelle weisen wir zusätzlich auf die zentrale&nbsp;&#8222;<a href="http://www.mk.niedersachsen.de/portal/live.php?navigation_id=31270&amp;article_id=107861&amp;_psmand=8">Anlaufstelle für Opfer und Fragen des sexuellen Missbrauchs und Diskriminierung in Schule und Tageseinrichtungen für Kinder</a>&#8220;&nbsp;hin, die beim Niedersächsischen&nbsp; Kultusministerium in Hannover eingerichtet worden ist.</p>

<p>Anlaufstelle: An dieser Stelle weisen wir zusätzlich auf die zentrale&nbsp;&#8222;Anlaufstelle für Opfer und Fragen des sexuellen Missbrauchs und Diskriminierung in Schule und Tageseinrichtungen für Kinder&#8220;&nbsp;hin, die beim Niedersächsischen&nbsp; Kultusministerium in Hannover eingerichtet worden ist.</p>
