{"id":19059,"date":"2022-04-18T21:25:44","date_gmt":"2022-04-18T19:25:44","guid":{"rendered":"https:\/\/www.gymnasium-rhauderfehn.de\/?page_id=19059"},"modified":"2025-04-13T12:39:23","modified_gmt":"2025-04-13T10:39:23","slug":"einschulung-11-jahrgang","status":"publish","type":"page","link":"https:\/\/www.gymnasium-rhauderfehn.de\/?page_id=19059","title":{"rendered":"Oberstufe und Abitur"},"content":{"rendered":"<p>Das Gymnasium Rhauderfehn bietet in der Qualifikationsphase (Jahrgang12\/13) die Auswahl zwischen vier Profilen:<\/p>\n<ul>\n<li>Mathematisch-naturwissenschaftliches Profil<\/li>\n<li>Sprachliches Profil<\/li>\n<li>Gesellschaftswissenschaftliches Profil<\/li>\n<li>Musisch-k\u00fcnstlerisches Profil<\/li>\n<\/ul>\n<p>Das sportliche Profil wird nicht angeboten, aber Sport kann als 5. Pr\u00fcfungsfach gew\u00e4hlt werden. Im Rahmen dieser Profile versuchen wir, den Sch\u00fclerinnen und Sch\u00fclern ihre gew\u00fcnschten F\u00e4cherkombinationen unter Ber\u00fccksichtigung der Verordnungen f\u00fcr die Oberstufe und das Abitur zu erm\u00f6glichen.<\/p>\n<p>Verantwortlich f\u00fcr die Oberstufe (Jahrgang 11-13) ist der Oberstufenkoordinator Herr Jens Middendorf. Sie erreichen ihn per email unter <a href=\"mailto:jens.middendorf@gymnasium-rhauderfehn.eu\">jens.middendorf@gymnasium-rhauderfehn.eu<\/a>\u00a0oder telefonisch unter 04952\/827323 (SekII-Sekretariat).<\/p>\n<p>Die Einf\u00fchrungsphase (Jahrgang 11) wird von Herrn Jan Steenblock organisiert. Sie erreichen ihn per email unter <a href=\"mailto:jan.steenblock@gymnasium-rhauderfehn.eu\">jan.steenblock@gymnasium-rhauderfehn.eu<\/a>\u00a0oder telefonisch unter 04952\/827323 (SekII-Sekretariat).<\/p>\n<p>Neben der schulischen Ausbildung stehen an unserer Schule aber auch die Berufsberatung und -orientierung der Oberstufensch\u00fcler\/-innen im Vordergrund. Hierf\u00fcr stehen Frau Noormann sowie der Berufsberater Herr Behrends den Sch\u00fcler*innen zur Seite. Weitere Informationen zur Berufsorientierung finden Sie hier: <a href=\"https:\/\/www.gymnasium-rhauderfehn.de\/?page_id=7354\" target=\"_blank\" rel=\"noopener noreferrer\">https:\/\/www.gymnasium-rhauderfehn.de\/?page_id=7354<\/a><\/p>\n<p>Zus\u00e4tzlich f\u00fchren wir alle zwei Jahre einen \u201eUni-Tag\u201c durch, an dem sich Universit\u00e4ten, Fachhochschulen und Berufsakademien aus der Region und aus den Niederlanden, den Sch\u00fclerinnen und Sch\u00fclern der Oberstufe vorstellen und \u00fcber ihre Angebote informieren.<\/p>\n<p>Wichtige Informationen (Verordnungen, Hinweise zum Zentralabitur) zum Abitur hat das Nieders\u00e4chsische Kultusministerium auf folgenden Seiten zusammengestellt:<\/p>\n<ul>\n<li><a href=\"https:\/\/www.mk.niedersachsen.de\/startseite\/schule\/unsere_schulen\/allgemein_bildende_schulen\/gymnasium\/abiturprufung\/abiturpruefung-6441.html\" target=\"_blank\" rel=\"noopener noreferrer\">Rechtsvorschriften f\u00fcr die gymnasiale Oberstufe<\/a><\/li>\n<li><a href=\"https:\/\/www.nibis.de\/zentralabitur_1395\">Zentralabitur<\/a><\/li>\n<\/ul>\n<p>&nbsp;<\/p>\n","protected":false},"excerpt":{"rendered":"<p>Das Gymnasium Rhauderfehn bietet in der Qualifikationsphase (Jahrgang12\/13) die Auswahl zwischen vier Profilen: Mathematisch-naturwissenschaftliches Profil Sprachliches Profil Gesellschaftswissenschaftliches Profil Musisch-k\u00fcnstlerisches Profil Das sportliche Profil wird nicht angeboten, aber Sport kann als 5. Pr\u00fcfungsfach gew\u00e4hlt werden. [&hellip;]<\/p>\n","protected":false},"author":42,"featured_media":0,"parent":18951,"menu_order":2,"comment_status":"closed","ping_status":"closed","template":"","meta":{"ngg_post_thumbnail":0,"footnotes":""},"class_list":["post-19059","page","type-page","status-publish","hentry"],"_links":{"self":[{"href":"https:\/\/www.gymnasium-rhauderfehn.de\/index.php?rest_route=\/wp\/v2\/pages\/19059","targetHints":{"allow":["GET"]}}],"collection":[{"href":"https:\/\/www.gymnasium-rhauderfehn.de\/index.php?rest_route=\/wp\/v2\/pages"}],"about":[{"href":"https:\/\/www.gymnasium-rhauderfehn.de\/index.php?rest_route=\/wp\/v2\/types\/page"}],"author":[{"embeddable":true,"href":"https:\/\/www.gymnasium-rhauderfehn.de\/index.php?rest_route=\/wp\/v2\/users\/42"}],"replies":[{"embeddable":true,"href":"https:\/\/www.gymnasium-rhauderfehn.de\/index.php?rest_route=%2Fwp%2Fv2%2Fcomments&post=19059"}],"version-history":[{"count":16,"href":"https:\/\/www.gymnasium-rhauderfehn.de\/index.php?rest_route=\/wp\/v2\/pages\/19059\/revisions"}],"predecessor-version":[{"id":21551,"href":"https:\/\/www.gymnasium-rhauderfehn.de\/index.php?rest_route=\/wp\/v2\/pages\/19059\/revisions\/21551"}],"up":[{"embeddable":true,"href":"https:\/\/www.gymnasium-rhauderfehn.de\/index.php?rest_route=\/wp\/v2\/pages\/18951"}],"wp:attachment":[{"href":"https:\/\/www.gymnasium-rhauderfehn.de\/index.php?rest_route=%2Fwp%2Fv2%2Fmedia&parent=19059"}],"curies":[{"name":"wp","href":"https:\/\/api.w.org\/{rel}","templated":true}]}}

<p>Das Gymnasium Rhauderfehn bietet in der Qualifikationsphase (Jahrgang12/13) die Auswahl zwischen vier Profilen:</p>
<ul>
<li>Mathematisch-naturwissenschaftliches Profil</li>
<li>Sprachliches Profil</li>
<li>Gesellschaftswissenschaftliches Profil</li>
<li>Musisch-künstlerisches Profil</li>
</ul>
<p>Das sportliche Profil wird nicht angeboten, aber Sport kann als 5. Prüfungsfach gewählt werden. Im Rahmen dieser Profile versuchen wir, den Schülerinnen und Schülern ihre gewünschten Fächerkombinationen unter Berücksichtigung der Verordnungen für die Oberstufe und das Abitur zu ermöglichen.</p>
<p>Verantwortlich für die Oberstufe (Jahrgang 11-13) ist der Oberstufenkoordinator Herr Jens Middendorf. Sie erreichen ihn per email unter <a href="mailto:jens.middendorf@gymnasium-rhauderfehn.eu">jens.middendorf@gymnasium-rhauderfehn.eu</a> oder telefonisch unter 04952/827323 (SekII-Sekretariat).</p>
<p>Die Einführungsphase (Jahrgang 11) wird von Herrn Jan Steenblock organisiert. Sie erreichen ihn per email unter <a href="mailto:jan.steenblock@gymnasium-rhauderfehn.eu">jan.steenblock@gymnasium-rhauderfehn.eu</a> oder telefonisch unter 04952/827323 (SekII-Sekretariat).</p>
<p>Neben der schulischen Ausbildung stehen an unserer Schule aber auch die Berufsberatung und -orientierung der Oberstufenschüler/-innen im Vordergrund. Hierfür stehen Frau Noormann sowie der Berufsberater Herr Behrends den Schüler*innen zur Seite. Weitere Informationen zur Berufsorientierung finden Sie hier: <a href="https://www.gymnasium-rhauderfehn.de/?page_id=7354" target="_blank" rel="noopener noreferrer">https://www.gymnasium-rhauderfehn.de/?page_id=7354</a></p>
<p>Zusätzlich führen wir alle zwei Jahre einen „Uni-Tag“ durch, an dem sich Universitäten, Fachhochschulen und Berufsakademien aus der Region und aus den Niederlanden, den Schülerinnen und Schülern der Oberstufe vorstellen und über ihre Angebote informieren.</p>
<p>Wichtige Informationen (Verordnungen, Hinweise zum Zentralabitur) zum Abitur hat das Niedersächsische Kultusministerium auf folgenden Seiten zusammengestellt:</p>
<ul>
<li><a href="https://www.mk.niedersachsen.de/startseite/schule/unsere_schulen/allgemein_bildende_schulen/gymnasium/abiturprufung/abiturpruefung-6441.html" target="_blank" rel="noopener noreferrer">Rechtsvorschriften für die gymnasiale Oberstufe</a></li>
<li><a href="https://www.nibis.de/zentralabitur_1395">Zentralabitur</a></li>
</ul>
<p>&nbsp;</p>

<p>Das Gymnasium Rhauderfehn bietet in der Qualifikationsphase (Jahrgang12/13) die Auswahl zwischen vier Profilen: Mathematisch-naturwissenschaftliches Profil Sprachliches Profil Gesellschaftswissenschaftliches Profil Musisch-künstlerisches Profil Das sportliche Profil wird nicht angeboten, aber Sport kann als 5. Prüfungsfach gewählt werden. [&hellip;]</p>
