{"id":6976,"date":"2015-09-21T23:05:31","date_gmt":"2015-09-21T21:05:31","guid":{"rendered":"http:\/\/192.168.2.108:8888\/?page_id=6976"},"modified":"2022-05-04T18:18:48","modified_gmt":"2022-05-04T16:18:48","slug":"franzoesisch-informationen","status":"publish","type":"page","link":"https:\/\/www.gymnasium-rhauderfehn.de\/?page_id=6976","title":{"rendered":"Informationen zum Fach Franz\u00f6sisch"},"content":{"rendered":"<h1>Informationen zum Franz\u00f6sischunterricht<\/h1>\n<p>Alle wichtigen Informationen zum Fach Franz\u00f6sisch finden Sie und Ihr &nbsp;<a href=\"https:\/\/lkleer-my.sharepoint.com\/:b:\/g\/personal\/antje_boveland_gymnasium-rhauderfehn_eu\/EWqodarZIU1Atpt9mGAHMTwB2wrnTTgW-JOi8ojk6ZxNNQ?e=eLVvzs\">hier<\/a>. Lasst Euch \u00fcberzeugen, dass Franz\u00f6sisch ab Klasse 6 die richtige Wahl ist! Wir freuen uns auf Euch!&nbsp;<\/p>\n","protected":false},"excerpt":{"rendered":"<p>Informationen zum Franz\u00f6sischunterricht Alle wichtigen Informationen zum Fach Franz\u00f6sisch finden Sie und Ihr &nbsp;hier. Lasst Euch \u00fcberzeugen, dass Franz\u00f6sisch ab Klasse 6 die richtige Wahl ist! Wir freuen uns auf Euch!&nbsp;<\/p>\n","protected":false},"author":1,"featured_media":0,"parent":6944,"menu_order":3,"comment_status":"closed","ping_status":"closed","template":"","meta":{"ngg_post_thumbnail":0,"footnotes":""},"class_list":["post-6976","page","type-page","status-publish","hentry"],"_links":{"self":[{"href":"https:\/\/www.gymnasium-rhauderfehn.de\/index.php?rest_route=\/wp\/v2\/pages\/6976","targetHints":{"allow":["GET"]}}],"collection":[{"href":"https:\/\/www.gymnasium-rhauderfehn.de\/index.php?rest_route=\/wp\/v2\/pages"}],"about":[{"href":"https:\/\/www.gymnasium-rhauderfehn.de\/index.php?rest_route=\/wp\/v2\/types\/page"}],"author":[{"embeddable":true,"href":"https:\/\/www.gymnasium-rhauderfehn.de\/index.php?rest_route=\/wp\/v2\/users\/1"}],"replies":[{"embeddable":true,"href":"https:\/\/www.gymnasium-rhauderfehn.de\/index.php?rest_route=%2Fwp%2Fv2%2Fcomments&post=6976"}],"version-history":[{"count":9,"href":"https:\/\/www.gymnasium-rhauderfehn.de\/index.php?rest_route=\/wp\/v2\/pages\/6976\/revisions"}],"predecessor-version":[{"id":19235,"href":"https:\/\/www.gymnasium-rhauderfehn.de\/index.php?rest_route=\/wp\/v2\/pages\/6976\/revisions\/19235"}],"up":[{"embeddable":true,"href":"https:\/\/www.gymnasium-rhauderfehn.de\/index.php?rest_route=\/wp\/v2\/pages\/6944"}],"wp:attachment":[{"href":"https:\/\/www.gymnasium-rhauderfehn.de\/index.php?rest_route=%2Fwp%2Fv2%2Fmedia&parent=6976"}],"curies":[{"name":"wp","href":"https:\/\/api.w.org\/{rel}","templated":true}]}}