{"id":7278,"date":"2015-09-22T22:58:35","date_gmt":"2015-09-22T20:58:35","guid":{"rendered":"http:\/\/192.168.2.108:8888\/?page_id=7278"},"modified":"2025-11-04T06:10:12","modified_gmt":"2025-11-04T05:10:12","slug":"elternvertretung","status":"publish","type":"page","link":"https:\/\/www.gymnasium-rhauderfehn.de\/?page_id=7278","title":{"rendered":"Elternvertretung"},"content":{"rendered":"<h1>Der Schulelternrat stellt sich vor:<\/h1>\n<p>Wer uns fragt, warum wir uns in der ehrenamtlichen Elternarbeit engagieren, dem k\u00f6nnen wir eine ganz einfache Antwort geben:<\/p>\n<p>Wir sind in der Elternvertretung des Gymnasiums Rhauderfehn t\u00e4tig, weil wir den Wunsch haben, dass die Sch\u00fclerinnen und Sch\u00fcler ihre Gymnasialzeit m\u00f6glichst als sch\u00f6n und erinnerungsw\u00fcrdig erleben. Was wir Eltern auf Schulebene dazu beitragen k\u00f6nnen, wollen wir tun \u2013 in respekt- und vertrauensvollem Umgang mit der Schulleitung, dem Kollegium, allen Sch\u00fclern und allen Erziehungsberechtigten.<\/p>\n<p>Eltern wollen und sollen in die Erziehungs- und Bildungsarbeit an der Schule integriert sein, und dies nicht nur, wenn es um Klassenfeiern oder Schulfeste geht oder um die Frage, wer welchen Kuchen backt oder Salate organisiert. Da wir Eltern aktiv an \u201eSchule\u201c mitwirken k\u00f6nnen \u2013 denn genau dies sieht das Schulgesetz auch vor \u2013 tun wir dies auch:<\/p>\n<ul>\n<li>durch die Wahlen zu den Klassenelternschaften und den Fachkonferenzen<\/li>\n<li>durch die Mitarbeit im Schulelternrat, in der Gesamtkonferenz und dem&nbsp;Schulvorstand<\/li>\n<li>durch die Mitwirkung in diversen Aussch\u00fcssen (z.B. Mensa, Sch\u00fclerbef\u00f6rderung usw.)<\/li>\n<\/ul>\n<p>Die Mitglieder des Schulelternrates werden in den Klassen bzw. der Sek. II gew\u00e4hlt und vertreten in eigener Verantwortung und unparteiisch die Interessen der gesamten Elternschaft.<\/p>\n<p>Der Vorstand des Schulelternrates besteht zurzeit aus 8 gew\u00e4hlten Mitgliedern. Sprecherin des Vorstandes im laufenden Schuljahr 2025\/2026 ist Frau Haun. Die Kontaktaufnahme ist \u00fcber <a href=\"mailto:Sylvia.haun@gymnasium-rhauderfehn.eu\">Sylvia.haun@gymnasium-rhauderfehn.eu <\/a>m\u00f6glich.<\/p>\n<p>Sitzungen des SER-Vorstands finden in der Regel an jedem 1. Montag des Monats um 19.30 Uhr in der Schule statt (au\u00dfer in den Schulferien). Von 19.30 \u2013 20.00 Uhr gibt es eine \u201eoffene halbe Stunde\u201c f\u00fcr Anregungen, Fragen und Kritik; hier kann jeder kommen (gerne nach kurzer Ank\u00fcndigung per E-Mail).<\/p>\n<h1>Besondere Zust\u00e4ndigkeiten<\/h1>\n<table>\n<tbody>\n<tr>\n<th>Bereich<\/th>\n<th>Kontaktpersonen<\/th>\n<\/tr>\n<tr>\n<td>Jahrgang 5 und 6<\/td>\n<td>&nbsp;Anna Pr\u00f6pper, Joachim Stein<\/td>\n<\/tr>\n<tr>\n<td>Jahrgang 7 und 8<\/td>\n<td>Simone Bude, Svenja Simontowitz-Wilhelms<\/td>\n<\/tr>\n<tr>\n<td>Jahrgang 9 und 10<\/td>\n<td>Insa Vollmer, Sabrina Bl\u00fcge-Thoben<\/td>\n<\/tr>\n<tr>\n<td>Oberstufe<\/td>\n<td>Christian Eberley, Sylvia Haun<\/td>\n<\/tr>\n<tr>\n<td>Sch\u00fclertransport<\/td>\n<td>Christian Eberley, Sabrina Bl\u00fcge-Thoben<\/td>\n<\/tr>\n<tr>\n<td>Schulbuchausleihe<\/td>\n<td>Svenja Simontowitz-Wilhelms<\/td>\n<\/tr>\n<tr>\n<td>Mensa<\/td>\n<td>Insa Vollmer, Simone Bude<\/td>\n<\/tr>\n<\/tbody>\n<\/table>\n<p>Bei Fragen oder Problemen k\u00f6nnen die betreffenden Vorstandsmitglieder angesprochen werden, am einfachsten geht das per E-Mail (vorname.nachname@gymnasium-rhauderfehn.eu).<\/p>\n<p>&nbsp;<\/p>\n","protected":false},"excerpt":{"rendered":"<p>Der Schulelternrat stellt sich vor: Wer uns fragt, warum wir uns in der ehrenamtlichen Elternarbeit engagieren, dem k\u00f6nnen wir eine ganz einfache Antwort geben: Wir sind in der Elternvertretung des Gymnasiums Rhauderfehn t\u00e4tig, weil wir [&hellip;]<\/p>\n","protected":false},"author":1,"featured_media":0,"parent":0,"menu_order":21,"comment_status":"closed","ping_status":"closed","template":"","meta":{"ngg_post_thumbnail":0,"footnotes":""},"class_list":["post-7278","page","type-page","status-publish","hentry"],"_links":{"self":[{"href":"https:\/\/www.gymnasium-rhauderfehn.de\/index.php?rest_route=\/wp\/v2\/pages\/7278","targetHints":{"allow":["GET"]}}],"collection":[{"href":"https:\/\/www.gymnasium-rhauderfehn.de\/index.php?rest_route=\/wp\/v2\/pages"}],"about":[{"href":"https:\/\/www.gymnasium-rhauderfehn.de\/index.php?rest_route=\/wp\/v2\/types\/page"}],"author":[{"embeddable":true,"href":"https:\/\/www.gymnasium-rhauderfehn.de\/index.php?rest_route=\/wp\/v2\/users\/1"}],"replies":[{"embeddable":true,"href":"https:\/\/www.gymnasium-rhauderfehn.de\/index.php?rest_route=%2Fwp%2Fv2%2Fcomments&post=7278"}],"version-history":[{"count":25,"href":"https:\/\/www.gymnasium-rhauderfehn.de\/index.php?rest_route=\/wp\/v2\/pages\/7278\/revisions"}],"predecessor-version":[{"id":22074,"href":"https:\/\/www.gymnasium-rhauderfehn.de\/index.php?rest_route=\/wp\/v2\/pages\/7278\/revisions\/22074"}],"wp:attachment":[{"href":"https:\/\/www.gymnasium-rhauderfehn.de\/index.php?rest_route=%2Fwp%2Fv2%2Fmedia&parent=7278"}],"curies":[{"name":"wp","href":"https:\/\/api.w.org\/{rel}","templated":true}]}}

<h1>Der Schulelternrat stellt sich vor:</h1>
<p>Wer uns fragt, warum wir uns in der ehrenamtlichen Elternarbeit engagieren, dem können wir eine ganz einfache Antwort geben:</p>
<p>Wir sind in der Elternvertretung des Gymnasiums Rhauderfehn tätig, weil wir den Wunsch haben, dass die Schülerinnen und Schüler ihre Gymnasialzeit möglichst als schön und erinnerungswürdig erleben. Was wir Eltern auf Schulebene dazu beitragen können, wollen wir tun – in respekt- und vertrauensvollem Umgang mit der Schulleitung, dem Kollegium, allen Schülern und allen Erziehungsberechtigten.</p>
<p>Eltern wollen und sollen in die Erziehungs- und Bildungsarbeit an der Schule integriert sein, und dies nicht nur, wenn es um Klassenfeiern oder Schulfeste geht oder um die Frage, wer welchen Kuchen backt oder Salate organisiert. Da wir Eltern aktiv an „Schule“ mitwirken können – denn genau dies sieht das Schulgesetz auch vor – tun wir dies auch:</p>
<ul>
<li>durch die Wahlen zu den Klassenelternschaften und den Fachkonferenzen</li>
<li>durch die Mitarbeit im Schulelternrat, in der Gesamtkonferenz und dem&nbsp;Schulvorstand</li>
<li>durch die Mitwirkung in diversen Ausschüssen (z.B. Mensa, Schülerbeförderung usw.)</li>
</ul>
<p>Die Mitglieder des Schulelternrates werden in den Klassen bzw. der Sek. II gewählt und vertreten in eigener Verantwortung und unparteiisch die Interessen der gesamten Elternschaft.</p>
<p>Der Vorstand des Schulelternrates besteht zurzeit aus 8 gewählten Mitgliedern. Sprecherin des Vorstandes im laufenden Schuljahr 2025/2026 ist Frau Haun. Die Kontaktaufnahme ist über <a href="mailto:Sylvia.haun@gymnasium-rhauderfehn.eu">Sylvia.haun@gymnasium-rhauderfehn.eu </a>möglich.</p>
<p>Sitzungen des SER-Vorstands finden in der Regel an jedem 1. Montag des Monats um 19.30 Uhr in der Schule statt (außer in den Schulferien). Von 19.30 – 20.00 Uhr gibt es eine „offene halbe Stunde“ für Anregungen, Fragen und Kritik; hier kann jeder kommen (gerne nach kurzer Ankündigung per E-Mail).</p>
<h1>Besondere Zuständigkeiten</h1>
<table>
<tbody>
<tr>
<th>Bereich</th>
<th>Kontaktpersonen</th>
</tr>
<tr>
<td>Jahrgang 5 und 6</td>
<td>&nbsp;Anna Pröpper, Joachim Stein</td>
</tr>
<tr>
<td>Jahrgang 7 und 8</td>
<td>Simone Bude, Svenja Simontowitz-Wilhelms</td>
</tr>
<tr>
<td>Jahrgang 9 und 10</td>
<td>Insa Vollmer, Sabrina Blüge-Thoben</td>
</tr>
<tr>
<td>Oberstufe</td>
<td>Christian Eberley, Sylvia Haun</td>
</tr>
<tr>
<td>Schülertransport</td>
<td>Christian Eberley, Sabrina Blüge-Thoben</td>
</tr>
<tr>
<td>Schulbuchausleihe</td>
<td>Svenja Simontowitz-Wilhelms</td>
</tr>
<tr>
<td>Mensa</td>
<td>Insa Vollmer, Simone Bude</td>
</tr>
</tbody>
</table>
<p>Bei Fragen oder Problemen können die betreffenden Vorstandsmitglieder angesprochen werden, am einfachsten geht das per E-Mail (vorname.nachname@gymnasium-rhauderfehn.eu).</p>
<p>&nbsp;</p>

<p>Der Schulelternrat stellt sich vor: Wer uns fragt, warum wir uns in der ehrenamtlichen Elternarbeit engagieren, dem können wir eine ganz einfache Antwort geben: Wir sind in der Elternvertretung des Gymnasiums Rhauderfehn tätig, weil wir [&hellip;]</p>
