{"id":8028,"date":"2016-01-05T15:48:04","date_gmt":"2016-01-05T14:48:04","guid":{"rendered":"https:\/\/www.gymnasium-rhauderfehn.de\/?page_id=8028"},"modified":"2022-04-18T19:10:30","modified_gmt":"2022-04-18T17:10:30","slug":"schulsanitaetsdienst","status":"publish","type":"page","link":"https:\/\/www.gymnasium-rhauderfehn.de\/?page_id=8028","title":{"rendered":"Schulsanit\u00e4tsdienst"},"content":{"rendered":"<p><a href=\"https:\/\/www.gymnasium-rhauderfehn.de\/wp-content\/uploads\/2016\/01\/SSD-Bild.jpg\"><img loading=\"lazy\" decoding=\"async\" class=\"size-full wp-image-8044 alignright\" src=\"https:\/\/www.gymnasium-rhauderfehn.de\/wp-content\/uploads\/2016\/01\/SSD-Bild.jpg\" alt=\"SSD-Bild\" width=\"203\" height=\"200\"><\/a>Der Schulsanit\u00e4tsdienst wird seit 2008 von Herrn Ga\u00dfner gef\u00fchrt.<\/p>\n<p>Schulsanit\u00e4ter\/innen (Sanis) leisten w\u00e4hrend der normalen Unterrichtszeit und bei au\u00dferunterrichtlichen Schulveranstaltungen ihren Mitsch\u00fcler\/innen bei Unf\u00e4llen und pl\u00f6tzlichen Krankheitssymptomen Beistand bzw. Erste-Hilfe, bis sie wieder am Unterricht teilnehmen, von den Eltern abgeholt oder dem herbeigerufenen Rettungsdienst \u00fcbergeben werden k\u00f6nnen. Au\u00dferdem sind sie f\u00fcr das Sanit\u00e4tsmaterial der Schule zust\u00e4ndig.<\/p>\n<figure id=\"attachment_8043\" aria-describedby=\"caption-attachment-8043\" style=\"width: 224px\" class=\"wp-caption alignleft\"><a href=\"https:\/\/www.gymnasium-rhauderfehn.de\/wp-content\/uploads\/2016\/01\/Schulsanitaeter_at_work.jpeg\"><img loading=\"lazy\" decoding=\"async\" class=\"wp-image-8043 size-medium\" src=\"https:\/\/www.gymnasium-rhauderfehn.de\/wp-content\/uploads\/2016\/01\/Schulsanitaeter_at_work-224x300.jpeg\" alt=\"Schulsanitaeter_at_work\" width=\"224\" height=\"300\"><\/a><figcaption id=\"caption-attachment-8043\" class=\"wp-caption-text\">Schulsanit\u00e4ter im Einsatz<\/figcaption><\/figure>\n<p>Schulsanit\u00e4ter\/innen sind Mitglied in der &#8222;Arbeitsgemeinschaft Schulsanit\u00e4tsdienst&#8220;, die in Rahmen unseres AG-Programms angeboten wird und eine Jugendrotkreuzgruppe im JRK-Kreisverband Leer bildet.<\/p>\n<p>Regelm\u00e4\u00dfig finden Treffen der AG (Besprechung von Erste-Hilfe-Eins\u00e4tzen, \u00dcbungen, Organisatorisches) statt und bei zus\u00e4tzlichen Terminen (EH-Ausbildung) erweitern die Sanis ihre Kenntnisse im Bereich der Ersten Hilfe.<\/p>\n<p>Der Bereitschaftsdienst wird jeden Tag von der ersten bis nach der sechsten Stunde von den Sanis geleistet, wird zuverl\u00e4ssig wahrgenommen und alle Sanis kommen somit in einigen F\u00e4llen zum Einsatz. Die Beistands- bzw. Erste-Hilfe-Leistungen wie auch die damit verbundenen Verwaltungsarbeiten (Eintragungen in das Verbandsbuch, Ausf\u00fcllen einer Einsatzdokumentation, Information des AG-Leiters) wird von den Sanis fachgerecht durchgef\u00fchrt.<\/p>\n<p>&nbsp;<\/p>\n<hr>\n<h1>Zusatzveranstaltungen<\/h1>\n<ul>\n<li>Zus\u00e4tzlich zu den Eins\u00e4tzen w\u00e4hrend des Unterrichts wurden einige au\u00dferunterrichtliche Veranstaltungen durchgef\u00fchrt =&gt;&nbsp;<a href=\"https:\/\/www.gymnasium-rhauderfehn.de\/wp-content\/uploads\/2016\/01\/20160110_v1.0_Zusatzveranstaltungen-des-Schulsanit\u00e4tsdienstes.pdf\">Zusatzveranstaltungen<\/a><\/li>\n<\/ul>\n<h1>Wie wird der Schulsanit\u00e4tsdienst gerufen?<\/h1>\n<ul>\n<li><a href=\"https:\/\/www.gymnasium-rhauderfehn.de\/wp-content\/uploads\/2016\/01\/Ablauf-der-Hilfeleistung-Web.pdf\">Ablaufschema<\/a><\/li>\n<\/ul>\n<h1>Der Schulsanit\u00e4tsdienst informiert!<\/h1>\n<ul>\n<li><a href=\"https:\/\/www.gymnasium-rhauderfehn.de\/wp-content\/uploads\/2016\/01\/Der-Schulsanit\u00e4tsdienst-informiert-0210.pdf\">Schlaganfall erkennen<\/a><\/li>\n<li><a href=\"https:\/\/www.gymnasium-rhauderfehn.de\/wp-content\/uploads\/2016\/01\/Der-Schulsanit\u00e4tsdienst-informiert-0612.pdf\">H\u00e4ndedesinfektion<\/a><\/li>\n<li><a href=\"https:\/\/www.gymnasium-rhauderfehn.de\/wp-content\/uploads\/2016\/01\/Der-Schulsanit\u00e4tsdienst-informiert-0810.pdf\">Bevorratung von Hygienematerial<\/a><\/li>\n<li><a href=\"https:\/\/www.gymnasium-rhauderfehn.de\/wp-content\/uploads\/2016\/01\/Der-Schulsanit\u00e4tsdienst-informiert-1112.pdf\">Zahn abgebrochen oder ausgeschlagen<\/a><\/li>\n<\/ul>\n<hr>\n<div id=\"postlisting\"><h1>Aktuelles aus dem Schulsanit\u00e4tsdienst<\/h1><div class=\"plposts\"><div class=\"plposthead\"><h3><a href=\"https:\/\/www.gymnasium-rhauderfehn.de\/?p=21458\">Schulsanit\u00e4tsdienst besucht Rettungswache<\/a><\/h3><p class=\"info\"><i class=\"fa fa-calendar\"><\/i> 17. M\u00e4rz 2025 <i class=\"fa fa-user\"><\/i> Manuel Gassner<\/p><\/div><div class=\"plpostcontent\"><p class=\"content\">Am 17.03.2025 besuchten die neuen Schulsanit\u00e4ter des Albrecht-Weinberg-Gymnasiums die Rettungswache in Rhauderfehn, um sich einen Rettungswagen (RTW) genauer anzusehen. Zun\u00e4chst wurde die Liege aus dem RTW herausgeholt und eine Sch\u00fclerin legte sich darauf, um die [&hellip;]<\/p><\/div><\/div><div class=\"plposts\"><div class=\"plposthead\"><h3><a href=\"https:\/\/www.gymnasium-rhauderfehn.de\/?p=21148\">Schulsanit\u00e4ter:innen sammeln f\u00fcr Obdachloseneinrichtung<\/a><\/h3><p class=\"info\"><i class=\"fa fa-calendar\"><\/i> 20. Dezember 2024 <i class=\"fa fa-user\"><\/i> Manuel Gassner<\/p><\/div><div class=\"plpostcontent\"><p class=\"content\">In der Adventszeit hat der Schulsanit\u00e4tsdienst des AWGs f\u00fcr die Soziale Anlaufstelle &#8222;Haus an der Deichstra\u00dfe&#8220; Hygieneartikel wie Shampoos oder Deos gesammelt. Immer montags in der diesj\u00e4hrigen Adventszeit wurden in der ersten gro\u00dfen Pause im [&hellip;]<\/p><\/div><\/div><div class=\"plposts\"><div class=\"plposthead\"><h3><a href=\"https:\/\/www.gymnasium-rhauderfehn.de\/?p=20901\">Schulsanit\u00e4tsdienst besucht Rettungswache Rhauderfehn<\/a><\/h3><p class=\"info\"><i class=\"fa fa-calendar\"><\/i> 29. Mai 2024 <i class=\"fa fa-user\"><\/i> Manuel Gassner<\/p><\/div><div class=\"plpostcontent\"><p class=\"content\">Am Dienstag, den 28.05.24 durften die jungen Schulsanit\u00e4ter*innen im Rahmen der Erste Hilfe-Ausbildung die Rettungswache in Rhauderfehn besuchen. Wie im letzten Jahr wurde uns ein neuer RTW samt Ausr\u00fcstung (z.B. elektrische Trage, EKG-Ger\u00e4t und s\u00e4mtliche [&hellip;]<\/p><\/div><\/div><div class=\"plposts\"><div class=\"plposthead\"><h3><a href=\"https:\/\/www.gymnasium-rhauderfehn.de\/?p=20859\">Neue Schulsanit\u00e4ter*innen ausgebildet<\/a><\/h3><p class=\"info\"><i class=\"fa fa-calendar\"><\/i> 29. April 2024 <i class=\"fa fa-user\"><\/i> Manuel Gassner<\/p><\/div><div class=\"plpostcontent\"><p class=\"content\">Auch in diesem Schuljahr wurden wieder im Rahmen einer Erste Hilfe-AG Sch\u00fclerinnen und Sch\u00fcler der 7. Klassen in Erster Hilfe ausgebildet. Neben den gew\u00f6hnlichen Themen der Ersten Hilfe wurden auch erweiterte Erste Hilfe-Themen speziell f\u00fcr [&hellip;]<\/p><\/div><\/div><div class=\"plposts\"><div class=\"plposthead\"><h3><a href=\"https:\/\/www.gymnasium-rhauderfehn.de\/?p=20246\">Erste Hilfe-AG besucht Rettungswache<\/a><\/h3><p class=\"info\"><i class=\"fa fa-calendar\"><\/i> 26. Juni 2023 <i class=\"fa fa-user\"><\/i> Manuel Gassner<\/p><\/div><div class=\"plpostcontent\"><p class=\"content\">Am 20.06. durften sich die Sch\u00fclerinnen und Sch\u00fcler der Erste Hilfe-AG auf der Rettungswache Rhauderfehn einen Rettungswagen der neusten Generation anschauen. Herr Reinke (Notfallsanit\u00e4ter und Rettungswachenleiter) erkl\u00e4re ausf\u00fchrlich, was dieses &#8222;kleine Krankenhaus&#8220; alles on board [&hellip;]<\/p><\/div><\/div><div class=\"plposts\"><div class=\"plposthead\"><h3><a href=\"https:\/\/www.gymnasium-rhauderfehn.de\/?p=19939\">Sanit\u00e4tsgrundausbildung von zwei Sch\u00fcler*innen abgeschlossen<\/a><\/h3><p class=\"info\"><i class=\"fa fa-calendar\"><\/i> 14. April 2023 <i class=\"fa fa-user\"><\/i> Manuel Gassner<\/p><\/div><div class=\"plpostcontent\"><p class=\"content\">Auch in diesem Jahr haben Sch\u00fcler*innen unserer Schule an einer f\u00fcnf Wochenenden dauernden Grundausbildung Sanit\u00e4tsdienst des Deutschen Rotenkreuzes teilgenommen. Wir gratulieren ganz herzlich Laura Janssen und Finn Maecker zu ihrem Engagement und der bestandenen Abschlusspr\u00fcfung! [&hellip;]<\/p><\/div><\/div><div class=\"plposts\"><div class=\"plposthead\"><h3><a href=\"https:\/\/www.gymnasium-rhauderfehn.de\/?p=19501\">SSDler helfen beim Eventger\u00e4te-Tag<\/a><\/h3><p class=\"info\"><i class=\"fa fa-calendar\"><\/i> 18. September 2022 <i class=\"fa fa-user\"><\/i> Manuel Gassner<\/p><\/div><div class=\"plpostcontent\"><p class=\"content\">Sch\u00fcler:innen unseres Schulsanit\u00e4tsdienstes haben beim Eventger\u00e4te-Tag der Gemeinde Rhauderfehn am 17.09.22 Sanit\u00e4tsdienst geleistet. Dabei gingen sie im Auftrag der Gemeinde \u00fcber den Marktplatz und k\u00fcmmerten sich um leichte Verletzungen. Ich m\u00f6chte mich ganz herzlich bei [&hellip;]<\/p><\/div><\/div><div class=\"plposts\"><div class=\"plposthead\"><h3><a href=\"https:\/\/www.gymnasium-rhauderfehn.de\/?p=19499\">Schulsanit\u00e4tsdienst erh\u00e4lt Rollst\u00fchle<\/a><\/h3><p class=\"info\"><i class=\"fa fa-calendar\"><\/i> 5. September 2022 <i class=\"fa fa-user\"><\/i> Manuel Gassner<\/p><\/div><div class=\"plpostcontent\"><p class=\"content\">Das Reha Team Leer hat unserem Schulsanit\u00e4tsdienst zwei Rollst\u00fchle gestiftet. Vielen Dank hierf\u00fcr! Die Rollst\u00fchle sollen zum Transport verletzter Sch\u00fcler:innen dienen, die z.B. von ihren Eltern abgeholt werden und so leichter zum Auto transportiert werden [&hellip;]<\/p><\/div><\/div><div class=\"plposts\"><div class=\"plposthead\"><h3><a href=\"https:\/\/www.gymnasium-rhauderfehn.de\/?p=18501\">Schulsanit\u00e4terInnen im neuen Outfit<\/a><\/h3><p class=\"info\"><i class=\"fa fa-calendar\"><\/i> 27. Oktober 2021 <i class=\"fa fa-user\"><\/i> Manuel Gassner<\/p><\/div><div class=\"plpostcontent\"><p class=\"content\">Seit diesem Schuljahr haben die Schulsanit\u00e4terInnen unserer Schule ein neues Outfit. Dank der\u00a0 Unterst\u00fctzung des F\u00f6rdervereins unserer Schule sind die Schulsanit\u00e4terInnen bei schulischen Veranstaltungen nun durch ihr T-shirt einheitlich erkennbar. Mit dem R\u00fcckenaufdruck &#8222;Schulsanit\u00e4tsdienst&#8220; haben [&hellip;]<\/p><\/div><\/div><div class=\"plposts\"><div class=\"plposthead\"><h3><a href=\"https:\/\/www.gymnasium-rhauderfehn.de\/?p=18480\">Neue Schulsanit\u00e4terInnen mit der Ausbildung begonnen<\/a><\/h3><p class=\"info\"><i class=\"fa fa-calendar\"><\/i> 19. Oktober 2021 <i class=\"fa fa-user\"><\/i> Manuel Gassner<\/p><\/div><div class=\"plpostcontent\"><p class=\"content\">Am Samstag, den 09.10. haben 9 Sch\u00fclerinnen und Sch\u00fcler der 7. Klassen mit einem Erste Hilfe-Kurs ihre Ausbildung zum Schulsanit\u00e4ter\/ zur Schulsanit\u00e4terin begonnen. Mit viel Engagement habe sie Verb\u00e4nde angelegt und den Umgang mit der [&hellip;]<\/p><\/div><\/div><div class=\"plposts\"><div class=\"plposthead\"><h3><a href=\"https:\/\/www.gymnasium-rhauderfehn.de\/?p=18381\">Erste Hilfe-Kurs f\u00fcr zuk\u00fcnfige SSDler erfolgreich abgeschlossen<\/a><\/h3><p class=\"info\"><i class=\"fa fa-calendar\"><\/i> 19. Juli 2021 <i class=\"fa fa-user\"><\/i> Manuel Gassner<\/p><\/div><div class=\"plpostcontent\"><p class=\"content\">Trotz der Coronapandemie haben 16 Sch\u00fclerinnen und Sch\u00fcler in diesem Schuljahr den erweiterten Erste Hilfe-Kurs &#8222;Schulsanit\u00e4tsdienst&#8220; erfolgreich abgeschlossen. Somit k\u00f6nnen diese TeilnehmerInnen im kommenden Schuljahr den bestehenden Schulsanit\u00e4tsdienst unterst\u00fctzen und w\u00e4hrend der Schulzeit Dienste (Rufbereitschaft [&hellip;]<\/p><\/div><\/div><\/div>\n<p>&nbsp;<\/p>\n","protected":false},"excerpt":{"rendered":"<p>Der Schulsanit\u00e4tsdienst wird seit 2008 von Herrn Ga\u00dfner gef\u00fchrt. Schulsanit\u00e4ter\/innen (Sanis) leisten w\u00e4hrend der normalen Unterrichtszeit und bei au\u00dferunterrichtlichen Schulveranstaltungen ihren Mitsch\u00fcler\/innen bei Unf\u00e4llen und pl\u00f6tzlichen Krankheitssymptomen Beistand bzw. Erste-Hilfe, bis sie wieder am Unterricht [&hellip;]<\/p>\n","protected":false},"author":1,"featured_media":0,"parent":18970,"menu_order":3,"comment_status":"closed","ping_status":"closed","template":"","meta":{"ngg_post_thumbnail":0,"footnotes":""},"class_list":["post-8028","page","type-page","status-publish","hentry"],"_links":{"self":[{"href":"https:\/\/www.gymnasium-rhauderfehn.de\/index.php?rest_route=\/wp\/v2\/pages\/8028","targetHints":{"allow":["GET"]}}],"collection":[{"href":"https:\/\/www.gymnasium-rhauderfehn.de\/index.php?rest_route=\/wp\/v2\/pages"}],"about":[{"href":"https:\/\/www.gymnasium-rhauderfehn.de\/index.php?rest_route=\/wp\/v2\/types\/page"}],"author":[{"embeddable":true,"href":"https:\/\/www.gymnasium-rhauderfehn.de\/index.php?rest_route=\/wp\/v2\/users\/1"}],"replies":[{"embeddable":true,"href":"https:\/\/www.gymnasium-rhauderfehn.de\/index.php?rest_route=%2Fwp%2Fv2%2Fcomments&post=8028"}],"version-history":[{"count":16,"href":"https:\/\/www.gymnasium-rhauderfehn.de\/index.php?rest_route=\/wp\/v2\/pages\/8028\/revisions"}],"predecessor-version":[{"id":18802,"href":"https:\/\/www.gymnasium-rhauderfehn.de\/index.php?rest_route=\/wp\/v2\/pages\/8028\/revisions\/18802"}],"up":[{"embeddable":true,"href":"https:\/\/www.gymnasium-rhauderfehn.de\/index.php?rest_route=\/wp\/v2\/pages\/18970"}],"wp:attachment":[{"href":"https:\/\/www.gymnasium-rhauderfehn.de\/index.php?rest_route=%2Fwp%2Fv2%2Fmedia&parent=8028"}],"curies":[{"name":"wp","href":"https:\/\/api.w.org\/{rel}","templated":true}]}}