{"id":84,"date":"2015-08-13T17:59:21","date_gmt":"2015-08-13T15:59:21","guid":{"rendered":"http:\/\/localhost:8888\/wordpress\/?page_id=84"},"modified":"2022-10-03T12:46:40","modified_gmt":"2022-10-03T10:46:40","slug":"beratung","status":"publish","type":"page","link":"https:\/\/www.gymnasium-rhauderfehn.de\/?page_id=84","title":{"rendered":"Beratung"},"content":{"rendered":"<p>Das Beratungsangebot&nbsp;des Albrecht-Weinberg-Gymnasiums Rhauderfehn&nbsp;f\u00fcr Sch\u00fcler und Sch\u00fclerinnen,&nbsp;Eltern und&nbsp;Erziehungsberechtigte ist vielf\u00e4ltig.<\/p>\n<p>Im Folgenden werden die Bereiche der Konfliktberatung, Berufsberatung und Beratung bei Fragen zur Inklusion am&nbsp;Albrecht-Weinberg-Gymnasium vorgestellt. Hier finden Sie auch Informationen zu&nbsp;den Ansprechpartner*innen.<\/p>\n<p>Grundlage des Beratungsangebotes ist das&nbsp;<a href=\"https:\/\/www.gymnasium-rhauderfehn.de\/wp-content\/uploads\/2018\/08\/Konzept-zur-Beratung-Stand-August-2018.pdf\">Beratungskonzept<\/a>&nbsp;des Gymnasiums Rhauderfehn.<\/p>\n","protected":false},"excerpt":{"rendered":"<p>Das Beratungsangebot&nbsp;des Albrecht-Weinberg-Gymnasiums Rhauderfehn&nbsp;f\u00fcr Sch\u00fcler und Sch\u00fclerinnen,&nbsp;Eltern und&nbsp;Erziehungsberechtigte ist vielf\u00e4ltig. Im Folgenden werden die Bereiche der Konfliktberatung, Berufsberatung und Beratung bei Fragen zur Inklusion am&nbsp;Albrecht-Weinberg-Gymnasium vorgestellt. Hier finden Sie auch Informationen zu&nbsp;den Ansprechpartner*innen. Grundlage des [&hellip;]<\/p>\n","protected":false},"author":1,"featured_media":0,"parent":18947,"menu_order":4,"comment_status":"closed","ping_status":"closed","template":"","meta":{"ngg_post_thumbnail":0,"footnotes":""},"class_list":["post-84","page","type-page","status-publish","hentry"],"_links":{"self":[{"href":"https:\/\/www.gymnasium-rhauderfehn.de\/index.php?rest_route=\/wp\/v2\/pages\/84","targetHints":{"allow":["GET"]}}],"collection":[{"href":"https:\/\/www.gymnasium-rhauderfehn.de\/index.php?rest_route=\/wp\/v2\/pages"}],"about":[{"href":"https:\/\/www.gymnasium-rhauderfehn.de\/index.php?rest_route=\/wp\/v2\/types\/page"}],"author":[{"embeddable":true,"href":"https:\/\/www.gymnasium-rhauderfehn.de\/index.php?rest_route=\/wp\/v2\/users\/1"}],"replies":[{"embeddable":true,"href":"https:\/\/www.gymnasium-rhauderfehn.de\/index.php?rest_route=%2Fwp%2Fv2%2Fcomments&post=84"}],"version-history":[{"count":23,"href":"https:\/\/www.gymnasium-rhauderfehn.de\/index.php?rest_route=\/wp\/v2\/pages\/84\/revisions"}],"predecessor-version":[{"id":19487,"href":"https:\/\/www.gymnasium-rhauderfehn.de\/index.php?rest_route=\/wp\/v2\/pages\/84\/revisions\/19487"}],"up":[{"embeddable":true,"href":"https:\/\/www.gymnasium-rhauderfehn.de\/index.php?rest_route=\/wp\/v2\/pages\/18947"}],"wp:attachment":[{"href":"https:\/\/www.gymnasium-rhauderfehn.de\/index.php?rest_route=%2Fwp%2Fv2%2Fmedia&parent=84"}],"curies":[{"name":"wp","href":"https:\/\/api.w.org\/{rel}","templated":true}]}}